
55
Let g(b) = -b**3 + 238*b**2 - 2928*b + 675. Calculate g(225).
0
Let a(t) = t**3 - 8*t**2 + 99*t - 646. Determine a(7).
-2
Let t(k) = -k**3 - 10*k**2 - 25*k + 25. Determine t(-7).
53
Let b(k) = 4*k**2 - 21*k - 36. Determine b(7).
13
Let x(v) = 19696*v - 39384. Determine x(2).
8
Let t(z) = -8904*z - 8904. Give t(-1).
0
Let b(i) = -5*i - 4. What is b(-12)?
56
Let g(l) = -2*l**3 + l**2 - 59*l + 132. Calculate g(2).
2
Let h(s) = s**3 + 9*s**2 - 6*s - 102. Give h(-12).
-462
Let w(i) = -9*i + 244. Give w(28).
-8
Let a(i) = 19*i - 419. Calculate a(23).
18
Let w(p) = -1905*p - 5727. Give w(-3).
-12
Let k(v) = -230*v**2 - 2761*v - 18. What is k(-12)?
-6
Let j(c) = 3*c**3 + 25*c**2 + 105*c - 2. Calculate j(-6).
-380
Let g(w) = -559*w - 1686. Calculate g(-3).
-9
Let v(p) = 2*p**3 - 36*p**2 - 48*p + 191. Calculate v(19).
1
Let f(w) = -5*w**2 + 1106*w + 2208. Determine f(-2).
-24
Let y(z) = 55*z - 635. What is y(12)?
25
Let w(h) = -6*h**2 - 231*h - 1467. Determine w(-8).
-3
Let m(p) = p**3 + 136*p**2 - 9*p - 1209. What is m(-136)?
15
Let b(k) = -367*k - 14315. Determine b(-39).
-2
Let p(f) = 24*f + 1114. Calculate p(-43).
82
Let u(z) = z**2 - 27*z - 1441. Determine u(53).
-63
Let f(g) = 4*g**2 - 105*g + 681. Calculate f(14).
-5
Let n(b) = 10*b**2 - 48*b + 44. Give n(3).
-10
Let n(k) = -2*k - 46. Determine n(-8).
-30
Let g(s) = 3*s**2 - 76*s + 60. Calculate g(24).
-36
Let o(n) = -271*n - 21720. Determine o(-80).
-40
Let h(s) = -48*s**3 + 5*s**2 - 12*s - 18. Calculate h(-1).
47
Let s(j) = 18*j**2 + 1225*j + 159. Calculate s(-68).
91
Let a(q) = 191*q + 473. Give a(-5).
-482
Let g(o) = 127*o + 2455. What is g(-20)?
-85
Let n(a) = a**3 + 5*a**2 - 38*a - 173. Give n(-5).
17
Let v(p) = -211*p - 7588. Determine v(-36).
8
Let r(t) = -3*t**2 - 34*t + 175. Give r(-15).
10
Let t(o) = -o**2 + 15*o - 12. What is t(12)?
24
Let g(o) = 410*o + 9805. What is g(-24)?
-35
Let u(x) = -89*x - 334. What is u(-4)?
22
Let h(x) = -x + 60. Give h(18).
42
Let r(l) = 4*l**2 - 5*l - 6. Calculate r(2).
0
Let l(v) = -102*v + 10515. Give l(103).
9
Let d(l) = 6855*l + 75407. Give d(-11).
2
Let x(a) = 3*a**3 - 72*a**2 + 36. What is x(24)?
36
Let g(o) = -o**3 + 15*o**2 + 6*o - 446. Determine g(13).
-30
Let c(z) = -9*z**2 + 163*z - 16. Give c(18).
2
Let f(m) = -36*m - 405. Give f(-34).
819
Let i(u) = -33*u - 805. Determine i(-24).
-13
Let y(l) = -l**2 - 275*l - 2897. Determine y(-11).
7
Let b(n) = 6*n**3 - 56*n**2 - 37*n. What is b(10)?
30
Let a(v) = -15*v**2 + 417*v + 2563. What is a(33)?
-11
Let v(k) = -158*k - 1379. Determine v(-9).
43
Let k(t) = 49*t**2 - 650*t - 498. Give k(14).
6
Let r(l) = l**3 + 19*l**2 + 91*l + 6. Calculate r(-9).
-3
Let f(z) = -z**3 + 15*z**2 - 34*z - 43. Calculate f(11).
67
Let s(g) = 2*g**2 + 2*g - 13. What is s(2)?
-1
Let a(i) = 7*i**3 - 32*i**2 - 9*i - 8. What is a(5)?
22
Let d(y) = 2*y**2 + 66*y + 55. What is d(-28)?
-225
Let r(c) = -34*c - 1605. Determine r(-45).
-75
Let p(a) = 13*a - 343. Calculate p(27).
8
Let m(x) = 7*x**2 + 1083*x - 2519. Determine m(-157).
-7
Let z(r) = 254*r - 751. Determine z(3).
11
Let a(o) = -80*o - 306. What is a(-7)?
254
Let o(d) = d**2 + 37*d - 1026. Calculate o(-56).
38
Let h(a) = 3*a**2 - 133*a - 390. What is h(46)?
-160
Let t(q) = q**2 - 16*q + 37. Calculate t(5).
-18
Let l(d) = 10*d - 99. Calculate l(3).
-69
Let v(x) = -7*x - 178. What is v(-20)?
-38
Let w(y) = 34*y + 180. What is w(-4)?
44
Let x(t) = 387*t**3 - 15*t**2 - 17*t - 3. Give x(-1).
-388
Let q(g) = -g**3 - 2*g**2 + 19*g - 24. Give q(-6).
6
Let s(n) = n**2 + 294*n + 3443. Determine s(-12).
59
Let j(s) = -s**2 + 15*s + 226. Determine j(24).
10
Let w(m) = 15*m**2 - 68*m - 11. What is w(6)?
121
Let w(i) = 2*i**2 - 56*i - 75. What is w(26)?
-179
Let q(h) = 1658*h - 6611. What is q(4)?
21
Let c(i) = 2*i**3 + 63*i**2 + i - 29. Give c(0).
-29
Let m(k) = 3*k**2 + 67*k + 426. Give m(-17).
154
Let f(o) = 606*o - 86657. Determine f(143).
1
Let j(s) = -s**2 + 41*s - 5. What is j(0)?
-5
Let s(q) = q**2 + 37*q + 276. Determine s(-26).
-10
Let r(j) = 586*j + 38089. Give r(-65).
-1
Let v(k) = -2830*k + 158481. Calculate v(56).
1
Let x(p) = 32*p**2 + 108*p - 17. Determine x(-4).
63
Let l(z) = -177*z - 2646. Determine l(-15).
9
Let o(j) = -8*j + 60. What is o(6)?
12
Let p(v) = 2*v**2 - 159*v + 232. Calculate p(78).
-2
Let a(q) = 2*q**3 + 3*q**2 + 6*q - 70. What is a(-5)?
-275
Let l(w) = w**3 - 21*w**2 + 65*w - 222. Determine l(19).
291
Let d(j) = 70*j**2 - 6*j - 16. What is d(3)?
596
Let k(c) = 2*c**2 + 47*c + 515. Calculate k(-11).
240
Let d(x) = -x**3 + 18*x**2 + x - 4. Determine d(18).
14
Let d(t) = t**3 - 30*t**2 + 17*t + 28. Give d(29).
-320
Let k(j) = -2*j**2 - 15*j - 42. Determine k(-13).
-185
Let v(k) = 216*k + 559. Give v(0).
559
Let b(j) = -j**2 + 112*j - 1767. Determine b(19).
0
Let a(r) = 206*r + 30. Determine a(-2).
-382
Let a(o) = -o**3 - 106*o**2 + 4*o + 448. Give a(-106).
24
Let l(q) = -q**3 - q**2 + 39*q - 23. Determine l(-6).
-77
Let t(l) = -164*l - 1136. Give t(-7).
12
Let v(a) = 590*a - 4826. Determine v(8).
-106
Let f(w) = w**2 + 35*w - 89. Give f(-36).
-53
Let j(i) = -26*i**2 - 728*i - 4. Calculate j(-28).
-4
Let v(n) = n**2 + 682*n - 14033. Determine v(20).
7
Let q(g) = 3306*g - 26454. Determine q(8).
-6
Let x(u) = -u**2 - 19*u - 108. What is x(-9)?
-18
Let h(b) = 148*b + 3096. Give h(-21).
-12
Let q(x) = 7*x**2 + 4*x - 29. Determine q(-6).
199
Let g(q) = -q**3 - 62*q**2 - 7*q + 376. Determine g(-62).
810
Let v(p) = 14*p - 397. Determine v(26).
-33
Let n(q) = -q**3 + 2*q**2 - 12*q - 53. What is n(-3)?
28
Let v(c) = 36*c - 167. What is v(5)?
13
Let i(u) = -u**3 + 13*u**2 + 67*u - 943. Calculate i(12).
5
Let h(u) = 16*u**3 - 80*u**2 - 163*u + 808. Calculate h(5).
-7
Let t(j) = 16*j**2 - 98*j - 2. Determine t(7).
96
Let d(u) = -23*u**3 - 206*u**2 + 27*u + 164. Determine d(-9).
2
Let o(l) = 8*l - 48. Give o(-9).
-120
Let c(z) = 3*z**2 - 4*z + 2. Calculate c(-4).
66
Let o(c) = -105*c + 12430. Calculate o(118).
40
Let x(a) = -a**3 - 26*a**2 - 162*a - 3428. Determine x(-25).
-3
Let s(w) = -76*w - 105. Give s(-2).
47
Let q(o) = 39*o**2 - 285*o + 23. Calculate q(7).
-61
Let s(d) = 3*d**2 - 44*d - 172. Determine s(-4).
52
Let t(o) = o**3 - 17*o**2 + 36*o + 122. Calculate t(5).
2
Let w(o) = -34*o + 228. Determine w(5).
58
Let x(l) = -5*l**2 - 235*l + 3189. What is x(11)?
-1
Let g(r) = -r**3 - 179*r**2 + 532*r - 2538. Calculate g(-182).
10
Let y(w) = -19*w**2 - 3*w + 11. Give y(2).
-71
Let r(i) = -9*i**2 - 30*i - 33. Give r(-4).
-57
Let m(t) = -t**2 + 587*t - 4060. What is m(7)?
0
Let k(c) = -231*c + 2989. Calculate k(13).
-14
Let a(g) = g**2 + 13*g - 58. What is a(-16)?
-10
Let q(y) = -y**2 + 2774*y + 16666. Determine q(-6).
-14
Let h(c) = -c**3 - 7*c**2 + 5*c - 36. What is h(-9)?
81
Let m(l) = -l**2 - 50*l - 110. Give m(-48).
-14
Let b(p) = 795*p - 23062. Give b(29).
-7
Let k(n) = 23*n - 6813. Calculate k(296).
-5
Let g(b) = -43*b**2 - 13*b + 20. Give g(2).
-178
Let c(a) = a**3 - 15*a**2 + 28*a + 122. Determine c(8).
-102
Let t(f) = -149*f**2 - 2827*f + 79. Calculate t(-19).
3
Let y(g) = g**2 + 14*g - 185. Calculate y(0).
-185
Let w(c) = c**3 - c**2 - 5*c - 4. Determine w(-1).
-1
Let j(c) = -c**3 - 61*c**2 - 232*c - 107. Calculate j(-57).
121
Let m(t) = t**2 + 45*t + 184. Determine m(-27).
-302
Let j(k) = 5*k**3 + k**2 - 26*k + 9. Determine j(-4).
-191
Let m(i) = i**3 + 6*i**2 - 11*i - 34. Determine m(-7).
-6
Let v(f) = -f**2 - f - 20. What is v(-3)?
-26
Let j(s) = 10*s**2 + 354*s + 146. Calculate j(-35).
6
Let w(y) = -16*y**2 + y + 365. Calculate w(5).
-30
Let u(r) = 236*r**2 + 31*r - 32. What is u(1)?
235
Let r(k) = 2*k**3 + 34*k**2 - 290*k + 64. Calculate r(6).
-20
Let n(l) = l**3 - 136*l**2 + 1702*l + 728. Determine n(122).
-4
Let n(y) = -y**3 + 34*y**2 + 63*y + 335. What is n(36)?
11
Let u(j) = -j**3 + 11*j**2 + 18*j + 31. Calculate u(13).
-73
Let k(n) = -n**2 + 33*n + 64. Calculate k(34).
30
Let a(m) = 135*m + 1027. Determine a(-8).
-53
Let n(h) = -h**3 + 2*h**2 - 2. What is n(-3)?
43
Let y(h) = -69*h - 273. What is y(-5)?
72
Let h(c) = 5*c**2 + 98*c - 55. What is h(-20)?
-15
Let a(h) = 2*h**3 + 8*h**2 - 92*h + 38. Give a(-9).
56
Let m(f) = -12*f + 396. Calculate m(35).
-24
Let n(w) = w**3 + 106*w**2 + 694*w + 100. What is n(-99)?
1
Let d(m) = -177*m - 2636. 